{"id":5105,"date":"2026-03-16T14:29:06","date_gmt":"2026-03-16T13:29:06","guid":{"rendered":"https:\/\/esclerosismultiplegalicia.org\/?post_type=product&#038;p=5105"},"modified":"2026-03-16T14:40:08","modified_gmt":"2026-03-16T13:40:08","slug":"guia-de-accesibilidade-cognitiva","status":"publish","type":"product","link":"http:\/\/esclerosismultiplegalicia.org\/index.php\/produto\/guia-de-accesibilidade-cognitiva\/","title":{"rendered":"Gu\u00eda de Accesibilidade Cognitiva"},"content":{"rendered":"<p data-start=\"154\" data-end=\"764\">A accesibilidade cognitiva \u00e9 un compo\u00f1ente m\u00e1is para garantir que todas as persoas poidan <strong data-start=\"338\" data-end=\"434\">acceder, comprender e utilizar informaci\u00f3n e servizos de forma efectiva e aut\u00f3noma<\/strong>. Ao contrario da accesibilidade tradicional enfocada a barreiras f\u00edsicas ou sensoriais, a accesibilidade cognitiva c\u00e9ntrase nas necesidades de persoas con problemas cognitivos, discapacidade intelectual, dificultades de aprendizaxe ou condici\u00f3ns que afectan ao procesamento da informaci\u00f3n.<\/p>\n<p data-start=\"766\" data-end=\"1254\">Esta gu\u00eda ten como obxectivo ofrecer <strong data-start=\"803\" data-end=\"855\">unha introduci\u00f3n pr\u00e1ctica<\/strong>\u00a0para profesionais, dese\u00f1adores, responsables de pol\u00edticas e calquera axente implicado na planificaci\u00f3n e prestaci\u00f3n de servizos. Ofrece un marco conceptual, identificaci\u00f3n de barreiras, directrices b\u00e1sicas, metodolox\u00edas de avaliaci\u00f3n e exemplos de boas pr\u00e1cticas que facilitan a creaci\u00f3n de produtos, servizos e contidos m\u00e1is inclusivos para todas as persoas.<\/p>\n<p data-start=\"1256\" data-end=\"1645\">Considerando que a accesibilidade cognitiva a\u00ednda est\u00e1 emerxendo como disciplina t\u00e9cnica e aplicada, esta gu\u00eda pretende ser un recurso de referencia que <strong data-start=\"1409\" data-end=\"1484\">axude a comprender, medir e incorporar criterios de inclusi\u00f3n cognitiva<\/strong> nos procesos de dese\u00f1o, comunicaci\u00f3n e prestaci\u00f3n de servizos, avanzando cara a unha sociedade m\u00e1is accesible e equitativa. Foi elaborada pola Comisi\u00f3n Europea dentro do seu programa Accesible EU, coa colaboraci\u00f3n da Fundaci\u00f3n ONCE, a UNE, a Universidade de Lintz Johannes Kepler, a ENAT e a EASPD.<\/p>\n<p><a href=\"http:\/\/esclerosismultiplegalicia.org\/wp-content\/uploads\/2026\/03\/Guia-de-Accesibilidad-Cognitiva.pdf\">Guia de Accesibilidad Cognitiva<\/a><\/p>\n","protected":false},"excerpt":{"rendered":"<p>A accesibilidade cognitiva \u00e9 un compo\u00f1ente m\u00e1is para garantir que todas as persoas poidan acceder, comprender e utilizar informaci\u00f3n e servizos de forma efectiva e aut\u00f3noma. Ao contrario da accesibilidade tradicional enfocada a barreiras f\u00edsicas ou sensoriais, a accesibilidade cognitiva c\u00e9ntrase nas necesidades de persoas con problemas cognitivos, discapacidade intelectual, dificultades de aprendizaxe ou condici\u00f3ns&hellip; <a class=\"continue\" href=\"http:\/\/esclerosismultiplegalicia.org\/index.php\/produto\/guia-de-accesibilidade-cognitiva\/\">Ler m\u00e1is sobre<span> Gu\u00eda de Accesibilidade Cognitiva<\/span><\/a><\/p>\n","protected":false},"featured_media":5107,"comment_status":"closed","ping_status":"closed","template":"","meta":{"_kad_post_transparent":"default","_kad_post_title":"","_kad_post_layout":"default","_kad_post_sidebar_id":"","_kad_post_content_style":"default","_kad_post_vertical_padding":"default","_kad_post_feature":"","_kad_post_feature_position":"","_kad_post_header":false,"_kad_post_footer":false},"product_brand":[],"product_cat":[119,120],"product_tag":[],"class_list":{"0":"post-5105","1":"product","2":"type-product","3":"status-publish","4":"has-post-thumbnail","6":"product_cat-documentos","7":"product_cat-guias","9":"first","10":"instock","11":"downloadable","12":"shipping-taxable","13":"product-type-simple","14":"entry","15":"content-bg","16":"loop-entry"},"yoast_head":"<!-- This site is optimized with the Yoast SEO plugin v26.1.1 - https:\/\/yoast.com\/wordpress\/plugins\/seo\/ -->\n<title>Gu\u00eda de Accesibilidade Cognitiva - FEGADEM<\/title>\n<meta name=\"robots\" content=\"index, follow, max-snippet:-1, max-image-preview:large, max-video-preview:-1\" \/>\n<link rel=\"canonical\" href=\"https:\/\/esclerosismultiplegalicia.org\/index.php\/produto\/guia-de-accesibilidade-cognitiva\/\" \/>\n<meta property=\"og:locale\" content=\"gl_ES\" \/>\n<meta property=\"og:type\" content=\"article\" \/>\n<meta property=\"og:title\" content=\"Gu\u00eda de Accesibilidade Cognitiva - FEGADEM\" \/>\n<meta property=\"og:description\" content=\"A accesibilidade cognitiva \u00e9 un compo\u00f1ente m\u00e1is para garantir que todas as persoas poidan acceder, comprender e utilizar informaci\u00f3n e servizos de forma efectiva e aut\u00f3noma. Ao contrario da accesibilidade tradicional enfocada a barreiras f\u00edsicas ou sensoriais, a accesibilidade cognitiva c\u00e9ntrase nas necesidades de persoas con problemas cognitivos, discapacidade intelectual, dificultades de aprendizaxe ou condici\u00f3ns&hellip; Ler m\u00e1is sobre Gu\u00eda de Accesibilidade Cognitiva\" \/>\n<meta property=\"og:url\" content=\"https:\/\/esclerosismultiplegalicia.org\/index.php\/produto\/guia-de-accesibilidade-cognitiva\/\" \/>\n<meta property=\"og:site_name\" content=\"FEGADEM\" \/>\n<meta property=\"article:publisher\" content=\"https:\/\/www.facebook.com\/esclerosemultiplegal?locale=es_ES\" \/>\n<meta property=\"article:modified_time\" content=\"2026-03-16T13:40:08+00:00\" \/>\n<meta property=\"og:image\" content=\"https:\/\/esclerosismultiplegalicia.org\/wp-content\/uploads\/2026\/03\/guia-accesibilidade-cognitiva-portada.png\" \/>\n\t<meta property=\"og:image:width\" content=\"567\" \/>\n\t<meta property=\"og:image:height\" content=\"804\" \/>\n\t<meta property=\"og:image:type\" content=\"image\/png\" \/>\n<meta name=\"twitter:card\" content=\"summary_large_image\" \/>\n<meta name=\"twitter:site\" content=\"@fegadem\" \/>\n<meta name=\"twitter:label1\" content=\"Tempo de lectura\" \/>\n\t<meta name=\"twitter:data1\" content=\"2 minutos\" \/>\n<script type=\"application\/ld+json\" class=\"yoast-schema-graph\">{\"@context\":\"https:\/\/schema.org\",\"@graph\":[{\"@type\":\"WebPage\",\"@id\":\"https:\/\/esclerosismultiplegalicia.org\/index.php\/produto\/guia-de-accesibilidade-cognitiva\/\",\"url\":\"https:\/\/esclerosismultiplegalicia.org\/index.php\/produto\/guia-de-accesibilidade-cognitiva\/\",\"name\":\"Gu\u00eda de Accesibilidade Cognitiva - FEGADEM\",\"isPartOf\":{\"@id\":\"https:\/\/esclerosismultiplegalicia.org\/#website\"},\"primaryImageOfPage\":{\"@id\":\"https:\/\/esclerosismultiplegalicia.org\/index.php\/produto\/guia-de-accesibilidade-cognitiva\/#primaryimage\"},\"image\":{\"@id\":\"https:\/\/esclerosismultiplegalicia.org\/index.php\/produto\/guia-de-accesibilidade-cognitiva\/#primaryimage\"},\"thumbnailUrl\":\"http:\/\/esclerosismultiplegalicia.org\/wp-content\/uploads\/2026\/03\/guia-accesibilidade-cognitiva-portada.png\",\"datePublished\":\"2026-03-16T13:29:06+00:00\",\"dateModified\":\"2026-03-16T13:40:08+00:00\",\"breadcrumb\":{\"@id\":\"https:\/\/esclerosismultiplegalicia.org\/index.php\/produto\/guia-de-accesibilidade-cognitiva\/#breadcrumb\"},\"inLanguage\":\"gl-ES\",\"potentialAction\":[{\"@type\":\"ReadAction\",\"target\":[\"https:\/\/esclerosismultiplegalicia.org\/index.php\/produto\/guia-de-accesibilidade-cognitiva\/\"]}]},{\"@type\":\"ImageObject\",\"inLanguage\":\"gl-ES\",\"@id\":\"https:\/\/esclerosismultiplegalicia.org\/index.php\/produto\/guia-de-accesibilidade-cognitiva\/#primaryimage\",\"url\":\"http:\/\/esclerosismultiplegalicia.org\/wp-content\/uploads\/2026\/03\/guia-accesibilidade-cognitiva-portada.png\",\"contentUrl\":\"http:\/\/esclerosismultiplegalicia.org\/wp-content\/uploads\/2026\/03\/guia-accesibilidade-cognitiva-portada.png\",\"width\":567,\"height\":804},{\"@type\":\"BreadcrumbList\",\"@id\":\"https:\/\/esclerosismultiplegalicia.org\/index.php\/produto\/guia-de-accesibilidade-cognitiva\/#breadcrumb\",\"itemListElement\":[{\"@type\":\"ListItem\",\"position\":1,\"name\":\"Inicio\",\"item\":\"https:\/\/esclerosismultiplegalicia.org\/\"},{\"@type\":\"ListItem\",\"position\":2,\"name\":\"Produtos\",\"item\":\"http:\/\/esclerosismultiplegalicia.org\/index.php\/shop\/\"},{\"@type\":\"ListItem\",\"position\":3,\"name\":\"Gu\u00eda de Accesibilidade Cognitiva\"}]},{\"@type\":\"WebSite\",\"@id\":\"https:\/\/esclerosismultiplegalicia.org\/#website\",\"url\":\"https:\/\/esclerosismultiplegalicia.org\/\",\"name\":\"FEGADEM\",\"description\":\"Traballamos mellorando a calidade de vida das persoas con Esclerose M\u00faltiple en Galicia.\",\"publisher\":{\"@id\":\"https:\/\/esclerosismultiplegalicia.org\/#organization\"},\"potentialAction\":[{\"@type\":\"SearchAction\",\"target\":{\"@type\":\"EntryPoint\",\"urlTemplate\":\"https:\/\/esclerosismultiplegalicia.org\/?s={search_term_string}\"},\"query-input\":{\"@type\":\"PropertyValueSpecification\",\"valueRequired\":true,\"valueName\":\"search_term_string\"}}],\"inLanguage\":\"gl-ES\"},{\"@type\":\"Organization\",\"@id\":\"https:\/\/esclerosismultiplegalicia.org\/#organization\",\"name\":\"FEGADEM (Federaci\u00f3n Galega de Esclerose M\u00faltiple)\",\"url\":\"https:\/\/esclerosismultiplegalicia.org\/\",\"logo\":{\"@type\":\"ImageObject\",\"inLanguage\":\"gl-ES\",\"@id\":\"https:\/\/esclerosismultiplegalicia.org\/#\/schema\/logo\/image\/\",\"url\":\"http:\/\/esclerosismultiplegalicia.org\/wp-content\/uploads\/2025\/05\/cropped-FEGADEM_Imagotipo-scaled-1.png\",\"contentUrl\":\"http:\/\/esclerosismultiplegalicia.org\/wp-content\/uploads\/2025\/05\/cropped-FEGADEM_Imagotipo-scaled-1.png\",\"width\":2558,\"height\":1138,\"caption\":\"FEGADEM (Federaci\u00f3n Galega de Esclerose M\u00faltiple)\"},\"image\":{\"@id\":\"https:\/\/esclerosismultiplegalicia.org\/#\/schema\/logo\/image\/\"},\"sameAs\":[\"https:\/\/www.facebook.com\/esclerosemultiplegal?locale=es_ES\",\"https:\/\/x.com\/fegadem\",\"https:\/\/www.instagram.com\/esclerosemultiplegal\/\",\"https:\/\/www.youtube.com\/@fegademfederaciongalegadee3374\"]}]}<\/script>\n<!-- \/ Yoast SEO plugin. -->","yoast_head_json":{"title":"Gu\u00eda de Accesibilidade Cognitiva - FEGADEM","robots":{"index":"index","follow":"follow","max-snippet":"max-snippet:-1","max-image-preview":"max-image-preview:large","max-video-preview":"max-video-preview:-1"},"canonical":"https:\/\/esclerosismultiplegalicia.org\/index.php\/produto\/guia-de-accesibilidade-cognitiva\/","og_locale":"gl_ES","og_type":"article","og_title":"Gu\u00eda de Accesibilidade Cognitiva - FEGADEM","og_description":"A accesibilidade cognitiva \u00e9 un compo\u00f1ente m\u00e1is para garantir que todas as persoas poidan acceder, comprender e utilizar informaci\u00f3n e servizos de forma efectiva e aut\u00f3noma. Ao contrario da accesibilidade tradicional enfocada a barreiras f\u00edsicas ou sensoriais, a accesibilidade cognitiva c\u00e9ntrase nas necesidades de persoas con problemas cognitivos, discapacidade intelectual, dificultades de aprendizaxe ou condici\u00f3ns&hellip; Ler m\u00e1is sobre Gu\u00eda de Accesibilidade Cognitiva","og_url":"https:\/\/esclerosismultiplegalicia.org\/index.php\/produto\/guia-de-accesibilidade-cognitiva\/","og_site_name":"FEGADEM","article_publisher":"https:\/\/www.facebook.com\/esclerosemultiplegal?locale=es_ES","article_modified_time":"2026-03-16T13:40:08+00:00","og_image":[{"width":567,"height":804,"url":"https:\/\/esclerosismultiplegalicia.org\/wp-content\/uploads\/2026\/03\/guia-accesibilidade-cognitiva-portada.png","type":"image\/png"}],"twitter_card":"summary_large_image","twitter_site":"@fegadem","twitter_misc":{"Tempo de lectura":"2 minutos"},"schema":{"@context":"https:\/\/schema.org","@graph":[{"@type":"WebPage","@id":"https:\/\/esclerosismultiplegalicia.org\/index.php\/produto\/guia-de-accesibilidade-cognitiva\/","url":"https:\/\/esclerosismultiplegalicia.org\/index.php\/produto\/guia-de-accesibilidade-cognitiva\/","name":"Gu\u00eda de Accesibilidade Cognitiva - FEGADEM","isPartOf":{"@id":"https:\/\/esclerosismultiplegalicia.org\/#website"},"primaryImageOfPage":{"@id":"https:\/\/esclerosismultiplegalicia.org\/index.php\/produto\/guia-de-accesibilidade-cognitiva\/#primaryimage"},"image":{"@id":"https:\/\/esclerosismultiplegalicia.org\/index.php\/produto\/guia-de-accesibilidade-cognitiva\/#primaryimage"},"thumbnailUrl":"http:\/\/esclerosismultiplegalicia.org\/wp-content\/uploads\/2026\/03\/guia-accesibilidade-cognitiva-portada.png","datePublished":"2026-03-16T13:29:06+00:00","dateModified":"2026-03-16T13:40:08+00:00","breadcrumb":{"@id":"https:\/\/esclerosismultiplegalicia.org\/index.php\/produto\/guia-de-accesibilidade-cognitiva\/#breadcrumb"},"inLanguage":"gl-ES","potentialAction":[{"@type":"ReadAction","target":["https:\/\/esclerosismultiplegalicia.org\/index.php\/produto\/guia-de-accesibilidade-cognitiva\/"]}]},{"@type":"ImageObject","inLanguage":"gl-ES","@id":"https:\/\/esclerosismultiplegalicia.org\/index.php\/produto\/guia-de-accesibilidade-cognitiva\/#primaryimage","url":"http:\/\/esclerosismultiplegalicia.org\/wp-content\/uploads\/2026\/03\/guia-accesibilidade-cognitiva-portada.png","contentUrl":"http:\/\/esclerosismultiplegalicia.org\/wp-content\/uploads\/2026\/03\/guia-accesibilidade-cognitiva-portada.png","width":567,"height":804},{"@type":"BreadcrumbList","@id":"https:\/\/esclerosismultiplegalicia.org\/index.php\/produto\/guia-de-accesibilidade-cognitiva\/#breadcrumb","itemListElement":[{"@type":"ListItem","position":1,"name":"Inicio","item":"https:\/\/esclerosismultiplegalicia.org\/"},{"@type":"ListItem","position":2,"name":"Produtos","item":"http:\/\/esclerosismultiplegalicia.org\/index.php\/shop\/"},{"@type":"ListItem","position":3,"name":"Gu\u00eda de Accesibilidade Cognitiva"}]},{"@type":"WebSite","@id":"https:\/\/esclerosismultiplegalicia.org\/#website","url":"https:\/\/esclerosismultiplegalicia.org\/","name":"FEGADEM","description":"Traballamos mellorando a calidade de vida das persoas con Esclerose M\u00faltiple en Galicia.","publisher":{"@id":"https:\/\/esclerosismultiplegalicia.org\/#organization"},"potentialAction":[{"@type":"SearchAction","target":{"@type":"EntryPoint","urlTemplate":"https:\/\/esclerosismultiplegalicia.org\/?s={search_term_string}"},"query-input":{"@type":"PropertyValueSpecification","valueRequired":true,"valueName":"search_term_string"}}],"inLanguage":"gl-ES"},{"@type":"Organization","@id":"https:\/\/esclerosismultiplegalicia.org\/#organization","name":"FEGADEM (Federaci\u00f3n Galega de Esclerose M\u00faltiple)","url":"https:\/\/esclerosismultiplegalicia.org\/","logo":{"@type":"ImageObject","inLanguage":"gl-ES","@id":"https:\/\/esclerosismultiplegalicia.org\/#\/schema\/logo\/image\/","url":"http:\/\/esclerosismultiplegalicia.org\/wp-content\/uploads\/2025\/05\/cropped-FEGADEM_Imagotipo-scaled-1.png","contentUrl":"http:\/\/esclerosismultiplegalicia.org\/wp-content\/uploads\/2025\/05\/cropped-FEGADEM_Imagotipo-scaled-1.png","width":2558,"height":1138,"caption":"FEGADEM (Federaci\u00f3n Galega de Esclerose M\u00faltiple)"},"image":{"@id":"https:\/\/esclerosismultiplegalicia.org\/#\/schema\/logo\/image\/"},"sameAs":["https:\/\/www.facebook.com\/esclerosemultiplegal?locale=es_ES","https:\/\/x.com\/fegadem","https:\/\/www.instagram.com\/esclerosemultiplegal\/","https:\/\/www.youtube.com\/@fegademfederaciongalegadee3374"]}]}},"_links":{"self":[{"href":"http:\/\/esclerosismultiplegalicia.org\/index.php\/wp-json\/wp\/v2\/product\/5105","targetHints":{"allow":["GET"]}}],"collection":[{"href":"http:\/\/esclerosismultiplegalicia.org\/index.php\/wp-json\/wp\/v2\/product"}],"about":[{"href":"http:\/\/esclerosismultiplegalicia.org\/index.php\/wp-json\/wp\/v2\/types\/product"}],"replies":[{"embeddable":true,"href":"http:\/\/esclerosismultiplegalicia.org\/index.php\/wp-json\/wp\/v2\/comments?post=5105"}],"wp:featuredmedia":[{"embeddable":true,"href":"http:\/\/esclerosismultiplegalicia.org\/index.php\/wp-json\/wp\/v2\/media\/5107"}],"wp:attachment":[{"href":"http:\/\/esclerosismultiplegalicia.org\/index.php\/wp-json\/wp\/v2\/media?parent=5105"}],"wp:term":[{"taxonomy":"product_brand","embeddable":true,"href":"http:\/\/esclerosismultiplegalicia.org\/index.php\/wp-json\/wp\/v2\/product_brand?post=5105"},{"taxonomy":"product_cat","embeddable":true,"href":"http:\/\/esclerosismultiplegalicia.org\/index.php\/wp-json\/wp\/v2\/product_cat?post=5105"},{"taxonomy":"product_tag","embeddable":true,"href":"http:\/\/esclerosismultiplegalicia.org\/index.php\/wp-json\/wp\/v2\/product_tag?post=5105"}],"curies":[{"name":"wp","href":"https:\/\/api.w.org\/{rel}","templated":true}]}}